{"id":5824,"date":"2014-01-27T13:05:11","date_gmt":"2014-01-27T15:05:11","guid":{"rendered":"https:\/\/pt.blogs.cam4.com\/?page_id=5824"},"modified":"2014-02-11T21:48:23","modified_gmt":"2014-02-11T23:48:23","slug":"seja-meu-dirty-valentine","status":"publish","type":"page","link":"https:\/\/pt.cam4.com\/blog\/seja-meu-dirty-valentine\/","title":{"rendered":"Seja o nosso Valentine Obsceno: Informa\u00e7\u00e3o do Concurso"},"content":{"rendered":"<h2><a href=\"https:\/\/pt.cam4.com\/blog\/files\/2014\/01\/Valentine_Performer_635x315_PT.jpg\"><img loading=\"lazy\" class=\"alignnone size-full wp-image-5948\" alt=\"Valentine_Performer_635x315_PT\" src=\"https:\/\/pt.cam4.com\/blog\/files\/2014\/01\/Valentine_Performer_635x315_PT.jpg\" width=\"635\" height=\"315\" srcset=\"https:\/\/pt.cam4.com\/blog\/wp-content\/blogs.dir\/10\/files\/2014\/01\/Valentine_Performer_635x315_PT.jpg 635w, https:\/\/pt.cam4.com\/blog\/wp-content\/blogs.dir\/10\/files\/2014\/01\/Valentine_Performer_635x315_PT-300x148.jpg 300w\" sizes=\"(max-width: 635px) 100vw, 635px\" \/><\/a><\/h2>\n<h2>O Concurso come\u00e7a dia 5 de Fevereiro<\/h2>\n<p>Pronto para entrar no clima? N\u00f3s estamos procurando pelas nossas(os) 4 mais gostosas(os) do Valentines\u00a0 para\u00a0 encher a sua caixa de correio com del\u00edcias do Valentine&#8217;s Day. Voc\u00ea quer compartilhar seu amor com a gente? Aqui vai toda a informa\u00e7\u00e3o de que voc\u00ea vai precisar!<\/p>\n<p>Provoca\u00e7\u00e3o: H\u00e1 oito pr\u00eamios, incluindo Cart\u00f5es de presentes da Amazon, Fichas, e algo mais ex\u00f3tico \ud83d\ude09<\/p>\n<h2>Como Participar:<\/h2>\n<p><strong>1.\u00a0Basta fazer upload de suas fotos com a tem\u00e1tica Valentine\u00b4s Day para o seu perfil no <a href=\"https:\/\/www.cam4.com\" target=\"_blank\">cam4.com<\/a> com &#8220;#vday2014&#8221; no campo de descri\u00e7\u00e3o do arquivo.<\/strong><\/p>\n<p><strong>2. Sua foto ser\u00e1 automaticamente carregada para o seu\u00a0 Mural de Fotos Valentine&#8217;s Day<br \/>\n<\/strong><\/p>\n<p><strong>3. Envie-nos o m\u00e1ximo de fotos que voc\u00ea quiser, \u00e9 realmente muito simples.<\/strong><\/p>\n<p>Visite o Mural de Fotos do Seja o nosso Valentine Obsceno. <a href=\"https:\/\/www.cam4.com\/valentines2014\">https:\/\/www.cam4.com\/valentines2014<\/a><\/p>\n<p>No dia\u00a0 <strong>17 de Fevereiro <\/strong>vamos anunciar os vencedores de todas as 4 categorias &#8211; H\u00e1 pr\u00eamios separados para ambos,\u00a0 rapazes e mo\u00e7as, o que significa que oito pessoas estar\u00e3o levando para casa alguns pr\u00eamios divertidos;)<\/p>\n<div id=\"gt-res-content\">\n<div dir=\"ltr\">Aqui est\u00e3o as 4 categorias que estaremos julgando &#8211; Escolha uma ou pegue todas,<\/div>\n<\/div>\n<h2>Escolha do Vencedor Valentines pelo P\u00fablico: 500 fichas<\/h2>\n<p>No dia 10 de fevereiro \u00e1s 12:00pm EST (meia noite) vamos liberar as 10 melhores fotos com base na criatividade, romance, elabora\u00e7\u00e3o e divers\u00e3o. Ent\u00e3o, vamos colocar todas as 10 fotos no blog com uma enquete. Os Espectadores v\u00e3o votar em quem eles acham que deve ser coroada(o) como o Valentine de 2014 categoria espectador!<\/p>\n<p>Talvez voc\u00ea tenha pintado todo o seu corpo de glitter e tenha um traje completo Cupido com arco e flecha. Ou voc\u00ea tenha amarrado um ente querido (ou realmente um amigo com o corpo esbelto) um champanhe, p\u00e9talas de rosa, e uma pintura corporal de chocolate &#8230; Com os seus brinquedos sexuais. Apenas se dedique a isso e fa\u00e7a deste o seu melhor Dia dos Namorados!<\/p>\n<h2>Vencendor Melhor Fantasia Valentine&#8217;s Day : $50 Cart\u00e3o de Presente Amazon<\/h2>\n<p>Aja conforme a sua fantasia &#8211; com um tema Dia dos Namorados. E n\u00e3o me refiro a flores &amp; fantasias de chocolate;) amarre o seu amante ou vire velas rom\u00e2nticas em pingos de cera quente em voc\u00ea ou em sua v\u00edtima de sorte. Solteiro? Se voc\u00ea quiser tirar suas fotos um pouco mais ousadas, esta \u00e9 sua chance. Mostre-nos o que faz com que voc\u00ea esteja mais acesso no dia da paix\u00e3o, do amor e da loucura.<\/p>\n<h2>Melhor Valentine&#8217;s Day Casal: $50 Cart\u00e3o de Presente Amazon<\/h2>\n<p>Essa \u00e9 para todos os pombinhos &#8211; Compartilhe a sua noite \u00edntima, apaixonada do Valentine\u00b4s day com o CAM4. Novos brinquedos sexuais, uma cama de p\u00e9talas de rosas, talvez um novo parceiro ou trio para a noite? Eu sei que os casais que transmitirem juntos estar\u00e3o tendo o melhor sexo do Dia dos Namorados, ent\u00e3o mostre o seu amor e ganhe algum dinheiro para gastar!<\/p>\n<h2>Melhor Valentin Pervertido: Del\u00edcias Pervertidas da Stockroom<\/h2>\n<div id=\"gt-res-content\">\n<div dir=\"ltr\">Voc\u00ea pediu mais concursos de fetiches,\u00a0 por isso aqui vai. Nos mostre o seu lado anormal e compartilhe, porque Velentines Day n\u00e3o \u00e9 apenas para casais ou tipos baunilha. Todos os fetiches s\u00e3o bem vindos \ud83d\ude09<\/div>\n<\/div>\n<p>&nbsp;<\/p>\n<p><em><strong>Regras do Concurso<\/strong><\/em><br \/>\n<em> 1. Para participar do Concurso Seja o nosso Valentine Obsceno ,voc\u00ea precisa ter uma conta verificada no Cam4.<\/em><br \/>\n<em> 2. Come\u00e7ando no dia 5 de Fevereiro, 2014, voc\u00ea pode aplicar para participar do concurso fazendo o uploading de uma foto sua com tem\u00e1tica do Valentine\u2019s Day no seu perfil do cam4.com. Voc\u00ea precisa incluir \u201c#vday2014\u201d na descri\u00e7\u00e3o da foto. As submiss\u00f5es se escerrar\u00e3o \u00e0s 11:59pm EST no dia 10 de Fevereiro, 2014.<\/em><br \/>\n<em> 4. As fotos precisam ser com a tem\u00e1tica Valentine\u2019s Day para serem consideradas.<\/em><br \/>\n<em> 5. Os vencedores ser\u00e3o anunciados para as 4 categorias (4) no dia 17 de fevereiro. Os pr\u00eamios ser\u00e3o:<\/em><br \/>\n<em> Escolha dos Espectadores Valentine: 500 fichas. Melhor <em>Valentine <em>Pervertido<\/em><\/em>: Pr\u00eamios Stockroom. Melhor casal Valentine: $50 USD\u00a0 Cart\u00e3o de Presentes Amazon . Melhor fantasia Valentine\u2019s Day : <em>$50 USD\u00a0 Cart\u00e3o de Presentes Amazon<\/em>.<\/em><br \/>\n<em> 6. Apenas as fotos enviadas para o perfil cam4.com ser\u00e3o aceitas. <\/em>As fotos de blog ou fotos recebidas via m\u00eddia social ou e-mail n\u00e3o participar\u00e3o.<br \/>\n<em> 7. Durante o concurso todas a fotos tagueadas com #vday2014 ser\u00e3o hospedadas em cam4.com\/valentines2014.<\/em><br \/>\n<em> 8. Os participantes podem enviar quantas fotos eles quiserem.<\/em><br \/>\n<em> 9. Suas fotos poder\u00e3o ser usadas em campanhas de\u00a0 Marketing do CAM4 e licenciadas para produ\u00e7\u00f5es comerciais.<\/em><br \/>\n<em> 10. <\/em>Ao participar neste concurso, voc\u00ea concorda em isentar e indenizar Cam4.com, seus propriet\u00e1rios e afiliados, contra todas e quaisquer reclama\u00e7\u00f5es de responsabilidade e voc\u00ea concorda em licenciar a Cam4.com os direitos autorais de sua Aplica\u00e7\u00e3o submetida ao desafio. Voc\u00ea concorda em assinar documentos legais para este efeito no momento em que voc\u00ea faz Aplica\u00e7\u00e3o de participar neste concurso.<br \/>\n<em> 11. Cam4.com n\u00e3o garante que sua identidade ser\u00e1 preservada. Qualquer esfor\u00e7o para preservar o seu anonimato ser\u00e1 respeitado, mas em \u00faltima an\u00e1lise, o que voc\u00ea mostra em c\u00e2mera estar\u00e1 dispon\u00edvel para qualquer espectador do site Cam4, e em qualquer lugar Cam4 exibe seu conte\u00fado licenciado, incluindo suas performances<\/em><\/p>\n","protected":false},"excerpt":{"rendered":"<p><a href=\"https:\/\/pt.cam4.com\/blog\/files\/2014\/01\/Valentine_Performer_635x315_PT.jpg\"><\/a> O Concurso come\u00e7a dia 5 de Fevereiro <\/p>\n<p>Pronto para entrar no clima? N\u00f3s estamos procurando pelas nossas(os) 4 mais gostosas(os) do<\/p>\n","protected":false},"author":1,"featured_media":0,"parent":0,"menu_order":0,"comment_status":"open","ping_status":"open","template":"","meta":[],"yoast_head":"<!-- This site is optimized with the Yoast SEO plugin v15.3 - https:\/\/yoast.com\/wordpress\/plugins\/seo\/ -->\n<meta name=\"robots\" content=\"index, follow, max-snippet:-1, max-image-preview:large, max-video-preview:-1\" \/>\n<link rel=\"canonical\" href=\"https:\/\/pt.cam4.com\/blog\/seja-meu-dirty-valentine\/\" \/>\n<meta property=\"og:locale\" content=\"en_US\" \/>\n<meta property=\"og:type\" content=\"article\" \/>\n<meta property=\"og:title\" content=\"Seja o nosso Valentine Obsceno: Informa\u00e7\u00e3o do Concurso - Cam4 Brasil e Portugal\" \/>\n<meta property=\"og:description\" content=\"O Concurso come\u00e7a dia 5 de Fevereiro Pronto para entrar no clima? N\u00f3s estamos procurando pelas nossas(os) 4 mais gostosas(os) do\" \/>\n<meta property=\"og:url\" content=\"https:\/\/pt.cam4.com\/blog\/seja-meu-dirty-valentine\/\" \/>\n<meta property=\"og:site_name\" content=\"Cam4 Brasil e Portugal\" \/>\n<meta property=\"article:modified_time\" content=\"2014-02-11T23:48:23+00:00\" \/>\n<meta property=\"og:image\" content=\"https:\/\/pt.cam4.com\/blog\/files\/2014\/01\/Valentine_Performer_635x315_PT.jpg\" \/>\n<meta name=\"twitter:label1\" content=\"Written by\">\n\t<meta name=\"twitter:data1\" content=\"Admin\">\n\t<meta name=\"twitter:label2\" content=\"Est. reading time\">\n\t<meta name=\"twitter:data2\" content=\"3 minutes\">\n<script type=\"application\/ld+json\" class=\"yoast-schema-graph\">{\"@context\":\"https:\/\/schema.org\",\"@graph\":[{\"@type\":\"WebSite\",\"@id\":\"https:\/\/pt.cam4.com\/blog\/#website\",\"url\":\"https:\/\/pt.cam4.com\/blog\/\",\"name\":\"Cam4 Brasil e Portugal\",\"description\":\"Entrevistas com performers do Cam4 e novidades sobre o site\",\"potentialAction\":[{\"@type\":\"SearchAction\",\"target\":\"https:\/\/pt.cam4.com\/blog\/?s={search_term_string}\",\"query-input\":\"required name=search_term_string\"}],\"inLanguage\":\"en-US\"},{\"@type\":\"ImageObject\",\"@id\":\"https:\/\/pt.cam4.com\/blog\/seja-meu-dirty-valentine\/#primaryimage\",\"inLanguage\":\"en-US\",\"url\":\"https:\/\/pt.cam4.com\/blog\/files\/2014\/01\/Valentine_Performer_635x315_PT.jpg\"},{\"@type\":\"WebPage\",\"@id\":\"https:\/\/pt.cam4.com\/blog\/seja-meu-dirty-valentine\/#webpage\",\"url\":\"https:\/\/pt.cam4.com\/blog\/seja-meu-dirty-valentine\/\",\"name\":\"Seja o nosso Valentine Obsceno: Informa\\u00e7\\u00e3o do Concurso - Cam4 Brasil e Portugal\",\"isPartOf\":{\"@id\":\"https:\/\/pt.cam4.com\/blog\/#website\"},\"primaryImageOfPage\":{\"@id\":\"https:\/\/pt.cam4.com\/blog\/seja-meu-dirty-valentine\/#primaryimage\"},\"datePublished\":\"2014-01-27T15:05:11+00:00\",\"dateModified\":\"2014-02-11T23:48:23+00:00\",\"inLanguage\":\"en-US\",\"potentialAction\":[{\"@type\":\"ReadAction\",\"target\":[\"https:\/\/pt.cam4.com\/blog\/seja-meu-dirty-valentine\/\"]}]}]}<\/script>\n<!-- \/ Yoast SEO plugin. -->","_links":{"self":[{"href":"https:\/\/pt.cam4.com\/blog\/wp-json\/wp\/v2\/pages\/5824"}],"collection":[{"href":"https:\/\/pt.cam4.com\/blog\/wp-json\/wp\/v2\/pages"}],"about":[{"href":"https:\/\/pt.cam4.com\/blog\/wp-json\/wp\/v2\/types\/page"}],"author":[{"embeddable":true,"href":"https:\/\/pt.cam4.com\/blog\/wp-json\/wp\/v2\/users\/1"}],"replies":[{"embeddable":true,"href":"https:\/\/pt.cam4.com\/blog\/wp-json\/wp\/v2\/comments?post=5824"}],"version-history":[{"count":0,"href":"https:\/\/pt.cam4.com\/blog\/wp-json\/wp\/v2\/pages\/5824\/revisions"}],"wp:attachment":[{"href":"https:\/\/pt.cam4.com\/blog\/wp-json\/wp\/v2\/media?parent=5824"}],"curies":[{"name":"wp","href":"https:\/\/api.w.org\/{rel}","templated":true}]}}